t c be 17 + 1 + (-208)/26. What is the units digit of ((-2691)/345)/((-2)/c)?
9
Let i be 52/12*69 - (-1 + -2). Let d = 584 - i. What is the hundreds digit of d?
2
Let t be ((1620/(-24))/15)/(2/(-8)). What is the units digit of 2004/t + 10/(-3) + 2?
0
Let w(l) be the first derivative of 4*l**2 + 34*l - 128. What is the units digit of w(7)?
0
Let u = -103 - -137. What is the tens digit of 30546/26 + u/221?
7
Let x(d) = 19 - 44*d**2 - 335*d**3 - 337*d**3 + 674*d**3 + 20*d. What is the units digit of x(22)?
9
Suppose -5*q - 132330 = -5*g, 2*q = -3*g + 65722 + 13671. What is the thousands digit of g?
6
Suppose 3*t - 267 + 42 = 0. Let k be 4/(12/(-72) - 4/(-6)) - 8. Suppose k = -3*a + 2*y + 71, -2*a - a + t = -3*y. What is the tens digit of a?
2
Let z = -350 + 741. Suppose -v + 204 = -z. Suppose -4*h + v = 3*h. What is the units digit of h?
5
Let w be ((-15)/5 + -130)/(0 - -1). Let y = w + 413. What is the tens digit of y?
8
Let q = 2470 + -1694. Suppose 5*n + 4*a - 544 = n, -4*a - q = -6*n. What is the units digit of n?
2
Let s(d) be the first derivative of d**6/120 + d**5/30 - d**4/2 - 29*d**3/3 + 28. Let p(r) be the third derivative of s(r). What is the tens digit of p(7)?
6
Suppose -14*x + 2*x + 3096 = 0. Suppose -1248 = -5*v - 4*u, -v + 3 = -3*u - x. Suppose v = 30*q - 26*q. What is the tens digit of q?
6
Let w(h) = 1923*h - 1387. What is the hundreds digit of w(5)?
2
Suppose -k - 3*a = -54614, -3*a = 4*k - 2*k - 109237. What is the thousands digit of k?
4
Let w = -33 + 15. Let x = -16 - w. What is the units digit of (1 - x)/((-2)/90)?
5
Suppose -249 = 5*o + 636. Let u = o + 994. What is the units digit of u?
7
Let l(o) be the third derivative of -o**5/60 - 7*o**4/4 - 11*o**3/6 + 59*o**2. What is the units digit of l(-27)?
4
Suppose -g - 2*q = 3*q - 10, -4*g = q - 2. Suppose 2*x - 6 = h, g*h = -4*x + 4*h + 12. What is the units digit of (5/10)/(x/114)?
9
Suppose -34*f + 12883 = -8469. Let g = f - 316. What is the units digit of g?
2
Suppose 0 = -6*n + 7*n. Let r(d) = 2*d + 254. Let h be r(n). What is the units digit of (-2 + 3)/(0 + 2/h)?
7
Let l = -4448 - -12888. What is the thousands digit of l?
8
Let k = -1309 + 34348. What is the hundreds digit of k?
0
Suppose -2*r + r = -10. Let b be ((-110)/(-25) - 4)*r. Suppose -134 = -3*u - b*w, -3*u + 69 = 3*w - 66. What is the tens digit of u?
4
Let u(t) = 0*t**2 + 7 - 4*t**2 - t**2 + 6*t**2 - 3*t. Let b be u(0). Let m(n) = 20*n - 37. What is the units digit of m(b)?
3
Let d be ((-1)/3)/(30/450). What is the units digit of 225 - 5/(d/7)?
2
Let k = -2653 - -3846. What is the tens digit of k?
9
Let n(v) = 2*v**2 - 5*v - 9. Let c be n(-9). What is the tens digit of 36/c + (-1976)/(-22)?
9
Let t be (0/3*(-1)/(-4))/1. Suppose 4*c - c + t*c = 0. Suppose c = -4*y + 290 + 298. What is the hundreds digit of y?
1
Let y be 4*(-2 + 2 + 1). Suppose 4*f - 74 = -4*d - d, -y*d = -3*f - 53. What is the tens digit of d?
1
Suppose -68*q + 43218 = -47*q. What is the hundreds digit of q?
0
Suppose -r + 5*r = -4, 79 = -m - r. Let b = m - -80. Suppose -b*o = 5*z - 22, 2*o - z - 9 = 1. What is the units digit of o?
6
Let p(s) = -20*s**2 + 2*s + 61. Let g(z) = -7*z**2 + z + 20. Let x(r) = 17*g(r) - 6*p(r). What is the tens digit of x(-18)?
0
Let b(j) = -j**2 + 9*j - 14. Let g be b(7). Suppose g = -n - 0*o - 5*o + 17, 0 = -5*n - o + 37. Suppose 0 = n*w - 78 - 167. What is the tens digit of w?
3
Let s(h) = 2327*h**2 - 381*h - 1549. What is the units digit of s(-4)?
7
Suppose -15*v + 14*v = -5*f - 20, 2*v + 5*f = -5. Suppose 2*g - v*u + 2978 = 5*g, 4*g + u = 3999. What is the hundreds digit of g?
0
Suppose -t + 7*t = -0*t. Suppose -2*w + w - 44 = t. What is the tens digit of (-2)/10 + w/20*-61?
3
Suppose 2*w + 76967 = 5*k, w - 41363 = -2*k - 10578. What is the tens digit of k?
9
Let u be (-5)/((-5)/(-2)) - (-12 - -7). Let y(r) = 4*r + 1 + u*r**2 + 10 - 7. What is the units digit of y(4)?
8
Let k = -4653 - -731. Let m = -2272 - k. What is the units digit of m?
0
Suppose 12557 - 43393 = -9*c + 32407. What is the units digit of c?
7
Suppose -11 = -3*d + 2*y, -2*d + 0*d + 4 = 2*y. Suppose 0 = d*c - 29 - 25. Suppose -c*l = -19*l + 70. What is the units digit of l?
0
Let n(y) = -y**2 - y + 1. Suppose -3*q = -2*q + 3. Let v(b) = -15*b - 5. Let x(t) = q*n(t) + v(t). What is the tens digit of x(8)?
8
Let t(s) = 569*s**2 + 37*s - 125. What is the units digit of t(4)?
7
Let a = -113 - -134. Suppose 3*h = 18 - 12. Suppose 129 = h*r + a. What is the units digit of r?
4
Let k(c) be the second derivative of 101*c**3/6 + 43*c**2 - c + 68. What is the units digit of k(6)?
2
Let d = 74 + -67. Let g(j) = 10*j - 63. What is the units digit of g(d)?
7
Let h(x) = 4*x - 24. Let v be h(7). Suppose -r = -n - v*n + 36, 3*n + 4*r - 17 = 0. Suppose -n*k + 2*k = 5, s - 2*k - 185 = 0. What is the hundreds digit of s?
1
Let i(w) = 106*w**2 + 162*w - 30. What is the ten thousands digit of i(9)?
1
Suppose 4275 = -92*n + 35*n. Let a = -19 - 20. Let q = a - n. What is the units digit of q?
6
Suppose 234371 = 5*z - 12*q, -12*z - 2*q = -13*z + 46873. What is the units digit of z?
7
Suppose 4*c + c = 5*j - 55, -51 = -5*j + 4*c. Suppose -j*p = -8*p + 4. Suppose 0 = -p*v - 163 + 455. What is the units digit of v?
3
Let u = -349 - -351. Suppose -s + 938 = u*y, 14*s + 946 = 2*y + 13*s. What is the hundreds digit of y?
4
Let h(n) = 68*n**2 + 10*n + 57*n**2 + 6 - 57*n**2 + 24*n**2 + 41*n**2. What is the units digit of h(-2)?
8
Let l be -5 + 1 + 28 + 1109. Let c = -482 + l. Let y = c + -366. What is the tens digit of y?
8
Suppose 8004 = -0*l + 6*l. Suppose -10 = 2*q, -3*q - l + 319 = -4*b. What is the tens digit of b?
5
Suppose -i - 186 = 5*n, -4*n - 156 = -2*i + i. Let k be 2/(-5) + 174/(-15). What is the hundreds digit of 0 + 2 + 66/k*n?
2
Let l(p) = -p**3 - 19*p**2 - 29*p + 17. What is the tens digit of l(-23)?
0
What is the ten thousands digit of (3800 + -3 - -8)*9?
3
Let l = -3 - -1. What is the units digit of (l/(-3))/(14/2289)?
9
Let u(l) = l**3 + 7*l**2 - 2*l - 10. Let a be u(-8). Suppose 3*t - 2*r = 309, 4*t - 2*r - 426 = -4*r. Let o = t + a. What is the units digit of o?
7
Let p = 50936 + -24481. What is the hundreds digit of p?
4
Suppose y - 49 = s, s + y = -25 - 30. What is the units digit of (-26)/s + 550/4?
8
Let p = -4275 - -6663. Let i = p - 1671. What is the tens digit of i?
1
Suppose 2*j - m = 34, 0 = -3*j - 0*m - 3*m + 42. Let s(k) = 53*k - 3 + j + 3. What is the units digit of s(4)?
8
Let r = -11972 + 26736. What is the hundreds digit of r?
7
Let l(u) = -3*u - 1. Let q be (-7)/5 + 6/15. Let j be l(q). Suppose 161 = 2*g - 3*a, j*g + 0*a = -4*a + 196. What is the units digit of g?
8
Let h = -799 + 1296. Let d = h - 298. What is the hundreds digit of d?
1
Let k(j) = -7*j**3 + 236*j**2 - 12*j - 89. What is the hundreds digit of k(33)?
9
Suppose 3*x - 4*g + 13 = 0, -5*g = -6*x + x - 20. What is the units digit of x - ((-163)/(-3))/((-7)/21)?
0
Let g be -2*9*3/18. Let w be (296/g)/((-21)/63). Suppose 4*d + y - w = 0, y - 4 = -0. What is the units digit of d?
3
Suppose 0 = 4*r - 3*s - 254541, 22*r - 24*r = s - 127253. What is the thousands digit of r?
3
Suppose -u - 5*h = -289, -5*u + 4*h - 13 + 1313 = 0. Let p = -1886 + 1828. Let c = p + u. What is the tens digit of c?
0
Let d be (-448)/(-24) + (-2)/3. Let p be ((d/(-4))/3)/(12/(-144)). Let s = p + 158. What is the units digit of s?
6
Let z be 1/(-2)*-1 + (-126)/(-36). Suppose 5*t - 1375 = -5*m, 6*m - z*m = -4. What is the units digit of t?
7
What is the hundreds digit of 4908 + (-11 - (17 - 14))?
8
Let j(a) = 3143*a**2 - 23*a + 34. What is the units digit of j(2)?
0
Suppose y = -2*o + 17932, 44*y - 39*y - 89646 = 4*o. What is the thousands digit of y?
7
Let l = -1725 + 3648. Suppose l = 4*z + 351. What is the tens digit of z?
9
What is the units digit of 70446/34 - (-56)/952?
2
Let w be (-11)/(550/(-270)) - 2/5. What is the tens digit of -1*0/4 + 4770/w?
5
What is the thousands digit of 2601918/357 - 6/21?
7
Let l(t) = t**3 - 2. Suppose m = v - 13 + 12, 0 = -4*v + 2*m - 4. Let h be l(v). Let z = h + 60. What is the units digit of z?
1
Let b = 588 - -12356. What is the tens digit of b?
4
Let f be 2*(18/12 - -4). What is the hundreds digit of (-18)/99 - (-6393)/f?
5
Let t = 703 - 400. Suppose i + 2*u - 11